{"id":497,"date":"2023-12-03T08:40:33","date_gmt":"2023-12-03T07:40:33","guid":{"rendered":"http:\/\/mgradio.se\/sa4bwm\/?page_id=497"},"modified":"2024-02-05T15:49:47","modified_gmt":"2024-02-05T14:49:47","slug":"sdr-rx","status":"publish","type":"page","link":"http:\/\/mgradio.se\/sa4bwm\/sdr-rx\/","title":{"rendered":"SDR mottagare"},"content":{"rendered":"\n<p class=\"has-black-color has-text-color has-medium-font-size\"><br><strong>Denna lilla guide \u00e4r f\u00f6r att visa hur man kan g\u00f6ra om en billigt tv-sticka till en bredbandig radiomottagare som tar in 24Mhz till ca 1850Mhz AM\/FM\/SSB &amp; CW..<\/strong>.<\/p>\n\n\n\n<figure class=\"wp-block-image size-full is-resized\"><img loading=\"lazy\" decoding=\"async\" src=\"http:\/\/mgradio.se\/sa4bwm\/wp-content\/uploads\/2024\/02\/sdr.jpg\" alt=\"\" class=\"wp-image-550\" width=\"373\" height=\"434\"\/><\/figure>\n\n\n\n<p class=\"has-black-color has-text-color\" style=\"font-size:18px\">Skaffa  en USB tv-sticka (tv-kort) som st\u00f6djer SDR. <br>Dessa g\u00f6r det&nbsp;<br>L\u00e4nk 1 <a rel=\"noreferrer noopener\" href=\"http:\/\/www.rtlsdr.org\/hardware-usb\" target=\"_blank\">rtlsdr<\/a>.<br>L\u00e4nk 2 <a href=\"https:\/\/www.reddit.com\/r\/RTLSDR\/comments\/s6ddo\/rtlsdr_compatibility_list_v2_work_in_progress\/\">reddit.<\/a><br><\/p>\n\n\n\n<p class=\"has-black-color has-text-color\" style=\"font-size:18px\">USB-stickor finns p\u00e5 ebay \/ Wish \/ Temu \/ Amazon mfl. f\u00f6r ca 200-250:- inkl. frakt &amp; tull till Sverige. <\/p>\n\n\n\n<p class=\"has-black-color has-text-color\" style=\"font-size:18px\"><a rel=\"noreferrer noopener\" href=\"https:\/\/www.ebay.com\/itm\/334394776589?hash=item4ddb7b5c0d:g:1A0AAOSw0gNiTlve&amp;amdata=enc%3AAQAIAAAA4HKQTk5HNyNYQyyoG4LVStM95n0MB3zkmQOAo41NRC648oAzsxPuVW0mGkQz4PkFzrZUXEmSTItON8FMq2s91jIfK10Xb%2F4P9pWiZTi7YgLTpl7UIkN5xS5InO8jFxGUT3HVdrp8%2FwNWntOCJVTm17Qbhim2%2F8FkaeuIPBLoSp4J8fTfymNIx0I4AvfVzSqIOfBAXfeKKk6AL2LtlmDNUIBQWFmnddPo34tmeyRZFNYcb%2FkP9DFDsBNst9aOdWj%2FaLUdcayJSgFt%2FAtC3Wmk3xWAZnlgtL2t1vDAyLiO0JsD%7Ctkp%3ABk9SR-iZ3OqFYw\" target=\"_blank\">http:\/\/www.ebay.com\/<\/a> (exempelvis denna)<\/p>\n\n\n\n<p class=\"has-black-color has-text-color\" style=\"font-size:18px\">koppla in stickan &amp; installera medf\u00f6ljande drivrutiner.<\/p>\n\n\n\n<hr class=\"wp-block-separator has-alpha-channel-opacity\"\/>\n\n\n\n<p class=\"has-black-color has-text-color\" style=\"font-size:18px\"><br>Ladda ner programmet Zadig &amp; installera det.<br><a rel=\"noreferrer noopener\" href=\"http:\/\/zadig.akeo.ie\/\" target=\"_blank\">http:\/\/zadig.akeo.ie\/<\/a><br><br>Starta sedan Zadig och k\u00f6r drivrutinsbyte enligt instruktionen nedan.<br><a rel=\"noreferrer noopener\" href=\"https:\/\/www.youtube.com\/watch?v=cub4qWf64RQ\" target=\"_blank\">l\u00e4nk<\/a><\/p>\n\n\n\n<hr class=\"wp-block-separator has-alpha-channel-opacity\"\/>\n\n\n\n<p class=\"has-black-color has-text-color\" style=\"font-size:18px\">Ladda \u00e4ven ner ett <a rel=\"noreferrer noopener\" href=\"https:\/\/www.rtl-sdr.com\/big-list-rtl-sdr-supported-software\/\" target=\"_blank\">SDR program<\/a>, tex. SDR# &amp; installera det.<\/p>\n\n\n\n<hr class=\"wp-block-separator has-alpha-channel-opacity\"\/>\n\n\n\n<p class=\"has-black-color has-text-color\" style=\"font-size:18px\">Nu \u00e4r det klart att b\u00f6rja anv\u00e4ndas.<\/p>\n\n\n\n<p class=\"has-black-color has-text-color\" style=\"font-size:18px\">Antennen som medf\u00f6ljde var inte mycket att hurra f\u00f6r.<br>Jag bytte ut spr\u00f6tet till en tr\u00e5d p\u00e5 ca 1 meter. och h\u00e4ngde upp antennen i f\u00f6nstret och b\u00f6rjade knappa i programmet. tog inte m\u00e5nga minuter till jag hittat signaler.<br>Yttre antenn \u00e4r klart att rekommendera.<\/p>\n\n\n\n<p class=\"has-black-color has-text-color\" style=\"font-size:18px\">Det g\u00e5r inte att scanna, man kan bara lyssna p\u00e5 en kanal i taget. men man kan se p\u00e5 bandscopet om det \u00e4r trafik i n\u00e4rheten, d\u00e5 kan man snabbt hoppa det och lyssna.<\/p>\n\n\n\n<p class=\"has-black-color has-text-color\" style=\"font-size:18px\">Tr\u00f6ttnar man p\u00e5 radion, s\u00e5 har man allafall ett bra HD tv-kort, med inspelningsfunktion.<\/p>\n\n\n\n<figure class=\"wp-block-image size-full\"><img loading=\"lazy\" decoding=\"async\" width=\"800\" height=\"614\" src=\"http:\/\/mgradio.se\/sa4bwm\/wp-content\/uploads\/2023\/12\/3310148-sdr.jpg\" alt=\"\" class=\"wp-image-515\"\/><\/figure>\n\n\n\n<hr class=\"wp-block-separator has-alpha-channel-opacity\"\/>\n\n\n\n<p><strong>Anv\u00e4ndbara l\u00e4nkar<\/strong><\/p>\n\n\n\n<p class=\"has-black-color has-text-color\">Avkoda D-star &amp; DMR<\/p>\n\n\n\n<figure class=\"wp-block-embed is-type-video is-provider-youtube wp-block-embed-youtube wp-embed-aspect-4-3 wp-has-aspect-ratio\"><div class=\"wp-block-embed__wrapper\">\n<iframe loading=\"lazy\" title=\"Setup decode Dstar and Mototrbo DMR using SDR Funcube dongle with DSD1.7\" width=\"525\" height=\"394\" src=\"https:\/\/www.youtube.com\/embed\/QqN0DLjRW4E?feature=oembed\" frameborder=\"0\" allow=\"accelerometer; autoplay; clipboard-write; encrypted-media; gyroscope; picture-in-picture; web-share\" referrerpolicy=\"strict-origin-when-cross-origin\" allowfullscreen><\/iframe>\n<\/div><\/figure>\n\n\n\n<p><\/p>\n\n\n\n<p class=\"has-black-color has-text-color\">Som han beskriver i videon ovan, m\u00e5ste en vb-ljudkabel installeras  (programvara)<br>H\u00e4r en guide att konfiguera den kabeln.<br><\/p>\n\n\n\n<figure class=\"wp-block-embed is-type-video is-provider-youtube wp-block-embed-youtube wp-embed-aspect-16-9 wp-has-aspect-ratio\"><div class=\"wp-block-embed__wrapper\">\n<iframe loading=\"lazy\" title=\"Obs How to seperate your audio from Teamspeak (Vb-audio cable)\" width=\"525\" height=\"295\" src=\"https:\/\/www.youtube.com\/embed\/0qPoUG5lNGU?start=3&#038;feature=oembed\" frameborder=\"0\" allow=\"accelerometer; autoplay; clipboard-write; encrypted-media; gyroscope; picture-in-picture; web-share\" referrerpolicy=\"strict-origin-when-cross-origin\" allowfullscreen><\/iframe>\n<\/div><\/figure>\n\n\n\n<hr class=\"wp-block-separator has-alpha-channel-opacity\"\/>\n\n\n\n<p>Guiden \u00e4r skriven 2008, uppdaterat l\u00e4nkar mm 2023.<br>ca 50:- inkl frakt kostade stickan f\u00f6r 15 \u00e5r sedan \ud83d\ude42 <\/p>\n","protected":false},"excerpt":{"rendered":"<p>Denna lilla guide \u00e4r f\u00f6r att visa hur man kan g\u00f6ra om en billigt tv-sticka till en bredbandig radiomottagare som tar in 24Mhz till ca 1850Mhz AM\/FM\/SSB &amp; CW&#8230; Skaffa en USB tv-sticka (tv-kort) som st\u00f6djer SDR. Dessa g\u00f6r det&nbsp;L\u00e4nk 1 rtlsdr.L\u00e4nk 2 reddit. USB-stickor finns p\u00e5 ebay \/ Wish \/ Temu \/ Amazon mfl. &hellip; <\/p>\n<p class=\"link-more\"><a href=\"http:\/\/mgradio.se\/sa4bwm\/sdr-rx\/\" class=\"more-link\">Forts\u00e4tt l\u00e4sa<span class=\"screen-reader-text\"> &#8221;SDR mottagare&#8221;<\/span><\/a><\/p>\n","protected":false},"author":1,"featured_media":0,"parent":0,"menu_order":0,"comment_status":"closed","ping_status":"closed","template":"","meta":{"footnotes":""},"class_list":["post-497","page","type-page","status-publish","hentry"],"_links":{"self":[{"href":"http:\/\/mgradio.se\/sa4bwm\/wp-json\/wp\/v2\/pages\/497","targetHints":{"allow":["GET"]}}],"collection":[{"href":"http:\/\/mgradio.se\/sa4bwm\/wp-json\/wp\/v2\/pages"}],"about":[{"href":"http:\/\/mgradio.se\/sa4bwm\/wp-json\/wp\/v2\/types\/page"}],"author":[{"embeddable":true,"href":"http:\/\/mgradio.se\/sa4bwm\/wp-json\/wp\/v2\/users\/1"}],"replies":[{"embeddable":true,"href":"http:\/\/mgradio.se\/sa4bwm\/wp-json\/wp\/v2\/comments?post=497"}],"version-history":[{"count":32,"href":"http:\/\/mgradio.se\/sa4bwm\/wp-json\/wp\/v2\/pages\/497\/revisions"}],"predecessor-version":[{"id":551,"href":"http:\/\/mgradio.se\/sa4bwm\/wp-json\/wp\/v2\/pages\/497\/revisions\/551"}],"wp:attachment":[{"href":"http:\/\/mgradio.se\/sa4bwm\/wp-json\/wp\/v2\/media?parent=497"}],"curies":[{"name":"wp","href":"https:\/\/api.w.org\/{rel}","templated":true}]}}