{"id":1835,"date":"2025-01-24T21:18:24","date_gmt":"2025-01-24T20:18:24","guid":{"rendered":"http:\/\/mgradio.se\/69\/wordpress\/?page_id=1835"},"modified":"2025-06-07T15:57:07","modified_gmt":"2025-06-07T13:57:07","slug":"radiotraff-2025","status":"publish","type":"page","link":"http:\/\/mgradio.se\/69\/wordpress\/radiotraff-2025\/","title":{"rendered":"Radiotr\u00e4ff 2025"},"content":{"rendered":"\n<figure class=\"wp-block-image size-full is-resized\"><img loading=\"lazy\" decoding=\"async\" width=\"1024\" height=\"960\" src=\"http:\/\/mgradio.se\/69\/wordpress\/wp-content\/uploads\/2025\/05\/2025.jpg\" alt=\"\" class=\"wp-image-1919\" style=\"width:483px;height:auto\"\/><figcaption class=\"wp-element-caption\">27MHz &amp; 69MHz tr\u00e4ff i Dalarna 2025<\/figcaption><\/figure>\n\n\n\n<p class=\"has-luminous-vivid-amber-background-color has-background\"><strong>D\u00e5 var \u00e5rets tr\u00e4ff \u00f6ver, kul att s\u00e5 m\u00e5nga d\u00f6k upp trots d\u00e5ligt v\u00e4der.<\/strong> <\/p>\n\n\n\n<p class=\"has-black-color has-text-color has-link-color wp-elements-d5118b3ed9badda96311faa2f5a21486\" style=\"font-size:17px\">Hej radioter i &amp; kring Dalarna.<br><strong>7-Juni 2025 kl 11:00 blir det radiotr\u00e4ff i \u00c4ppelbo.<\/strong> <br>Det blir den 3-dje tr\u00e4ffen som 27 &amp; 69MHz gruppen i Dalarna anordnar.<\/p>\n\n\n\n<p class=\"has-black-color has-text-color has-link-color wp-elements-84c5dc2f95be70a0c226fb8c3cad4c9d\" style=\"font-size:17px\">Det blir inget avancerat, vi tr\u00e4ffas och umg\u00e5s &amp; kanske grillar n\u00e5n korv eller fikar. Trevligt att tr\u00e4ffa andra med samma intresse som en sj\u00e4lv &amp; kanske n\u00e5n man snackat med p\u00e5 radion. Det \u00e4r fr\u00e4mst t\u00e4nkt f\u00f6r 27 &amp; 69MHz folk i eller kring Dalarna, men alla \u00e4r givetvis v\u00e4lkomna.<br>Medtag eget \u00e4ta\/dryck &amp; ett gott hum\u00f6r.<br>Bakluckeloppis, kan f\u00f6rekomma \ud83d\ude42 <\/p>\n\n\n\n<p class=\"has-black-color has-text-color has-link-color wp-elements-f78e09edf448a228ee2af52b7911832a\" style=\"font-size:17px\">Plats: Hunflen, \u00c4ppelbo. <br>Tr\u00e4ffen kommer h\u00e5llas p\u00e5 berget Hunflen.<br>Platsen \u00e4r p\u00e5 ca 500m\u00f6h. (meter \u00f6ver havet) &amp; okej bilv\u00e4g upp. <br>Det \u00e4r grusv\u00e4g &amp; den var ny hyvlad i b\u00f6rjan, ca 3km n\u00e4r jag var upp den 17-maj, men blev b\u00e4ttre efter ca 3km.<br>Bra sikt i m\u00e5nga riktningar, se bilder.<\/p>\n\n\n\n<figure class=\"wp-block-image size-full is-resized\"><a href=\"http:\/\/mgradio.se\/69\/wordpress\/wp-content\/uploads\/2025\/05\/20250517_1.jpg\"><img loading=\"lazy\" decoding=\"async\" width=\"1920\" height=\"887\" src=\"http:\/\/mgradio.se\/69\/wordpress\/wp-content\/uploads\/2025\/05\/20250517_1.jpg\" alt=\"\" class=\"wp-image-1929\" style=\"width:380px\"\/><\/a><\/figure>\n\n\n\n<figure class=\"wp-block-image size-full is-resized\"><a href=\"http:\/\/mgradio.se\/69\/wordpress\/wp-content\/uploads\/2025\/05\/20250517_2.jpg\"><img loading=\"lazy\" decoding=\"async\" width=\"1920\" height=\"887\" src=\"http:\/\/mgradio.se\/69\/wordpress\/wp-content\/uploads\/2025\/05\/20250517_2.jpg\" alt=\"\" class=\"wp-image-1930\" style=\"width:380px\"\/><\/a><figcaption class=\"wp-element-caption\">Klicka p\u00e5 bilder f\u00f6r st\u00f6rre!<\/figcaption><\/figure>\n\n\n\n<p class=\"has-black-color has-text-color has-link-color wp-elements-84c0f9a8d0dff08ebc6402447b4a084d\" style=\"font-size:17px\"><br><strong>V\u00e4gbeskrivning: <\/strong><br>Vid \u00c4ppelbo V\u00e4rdshus. Strax f\u00f6re eller efter, beroende vilket h\u00e5ll du kommer ifr\u00e5n.<br>Fr\u00e5n E16, sv\u00e4ng av vid skylt Hunflen. \u00c5k \u00f6ver j\u00e4rnv\u00e4g &amp; f\u00f6lj v\u00e4gen i ca 5km, Sv\u00e4ng sedan v\u00e4nster vid skylt vindsnurror (eller liknade, minns inte vad det st\u00e5r) F\u00f6lj denna v\u00e4g till den tar slut (ca 3km), sv\u00e4ng inte av till n\u00e5n vindsnurra. <br><br><a href=\"https:\/\/maps.app.goo.gl\/w6BbMdUrrHPbhtDg9?g_st=afm\" target=\"_blank\" rel=\"noreferrer noopener\">Klicka h\u00e4r f\u00f6r google karta.<\/a><br><\/p>\n\n\n\n<p>Uppdateringar:<\/p>\n\n\n\n<p class=\"has-background\" style=\"background-color:#a5ecd1\"><strong>17-maj:<\/strong> Utsiktsbilder fr\u00e5n platsen.<\/p>\n\n\n\n<p class=\"has-background\" style=\"background-color:#a5ecd1\"><strong>17-maj: <\/strong>V\u00e4gbeskrivning tillagd.<\/p>\n\n\n\n<hr class=\"wp-block-separator has-alpha-channel-opacity\"\/>\n\n\n\n<p class=\"has-black-color has-text-color has-link-color wp-elements-8c264c3e505e0384ede92969c3e019a0\" style=\"font-size:17px\">Tidigare tr\u00e4ffar, 2023 var vi i Leksand &amp; 2024 Bjurs\u00e5s, Falun<br><strong>Kolla fliken \u00f6vrigt f\u00f6r info &amp; bilder fr\u00e5n tidigare tr\u00e4ffar.<\/strong><\/p>\n\n\n\n<p><\/p>\n","protected":false},"excerpt":{"rendered":"<p>D\u00e5 var \u00e5rets tr\u00e4ff \u00f6ver, kul att s\u00e5 m\u00e5nga d\u00f6k upp trots d\u00e5ligt v\u00e4der. Hej radioter i &amp; kring Dalarna.7-Juni 2025 kl 11:00 blir det radiotr\u00e4ff i \u00c4ppelbo. Det blir den 3-dje tr\u00e4ffen som 27 &amp; 69MHz gruppen i Dalarna anordnar. Det blir inget avancerat, vi tr\u00e4ffas och umg\u00e5s &amp; kanske grillar n\u00e5n korv eller [&hellip;]<\/p>\n","protected":false},"author":1,"featured_media":0,"parent":0,"menu_order":0,"comment_status":"closed","ping_status":"closed","template":"","meta":{"footnotes":""},"class_list":["post-1835","page","type-page","status-publish","hentry"],"_links":{"self":[{"href":"http:\/\/mgradio.se\/69\/wordpress\/wp-json\/wp\/v2\/pages\/1835","targetHints":{"allow":["GET"]}}],"collection":[{"href":"http:\/\/mgradio.se\/69\/wordpress\/wp-json\/wp\/v2\/pages"}],"about":[{"href":"http:\/\/mgradio.se\/69\/wordpress\/wp-json\/wp\/v2\/types\/page"}],"author":[{"embeddable":true,"href":"http:\/\/mgradio.se\/69\/wordpress\/wp-json\/wp\/v2\/users\/1"}],"replies":[{"embeddable":true,"href":"http:\/\/mgradio.se\/69\/wordpress\/wp-json\/wp\/v2\/comments?post=1835"}],"version-history":[{"count":23,"href":"http:\/\/mgradio.se\/69\/wordpress\/wp-json\/wp\/v2\/pages\/1835\/revisions"}],"predecessor-version":[{"id":1942,"href":"http:\/\/mgradio.se\/69\/wordpress\/wp-json\/wp\/v2\/pages\/1835\/revisions\/1942"}],"wp:attachment":[{"href":"http:\/\/mgradio.se\/69\/wordpress\/wp-json\/wp\/v2\/media?parent=1835"}],"curies":[{"name":"wp","href":"https:\/\/api.w.org\/{rel}","templated":true}]}}

Radioträff 2025

<figure class="wp-block-image size-full is-resized"><img loading="lazy" decoding="async" width="1024" height="960" src="http://mgradio.se/69/wordpress/wp-content/uploads/2025/05/2025.jpg" alt="" class="wp-image-1919" style="width:483px;height:auto"/><figcaption class="wp-element-caption">27MHz &amp; 69MHz träff i Dalarna 2025</figcaption></figure>



<p class="has-luminous-vivid-amber-background-color has-background"><strong>Då var årets träff över, kul att så många dök upp trots dåligt väder.</strong> </p>



<p class="has-black-color has-text-color has-link-color wp-elements-d5118b3ed9badda96311faa2f5a21486" style="font-size:17px">Hej radioter i &amp; kring Dalarna.<br><strong>7-Juni 2025 kl 11:00 blir det radioträff i Äppelbo.</strong> <br>Det blir den 3-dje träffen som 27 &amp; 69MHz gruppen i Dalarna anordnar.</p>



<p class="has-black-color has-text-color has-link-color wp-elements-84c5dc2f95be70a0c226fb8c3cad4c9d" style="font-size:17px">Det blir inget avancerat, vi träffas och umgås &amp; kanske grillar nån korv eller fikar. Trevligt att träffa andra med samma intresse som en själv &amp; kanske nån man snackat med på radion. Det är främst tänkt för 27 &amp; 69MHz folk i eller kring Dalarna, men alla är givetvis välkomna.<br>Medtag eget äta/dryck &amp; ett gott humör.<br>Bakluckeloppis, kan förekomma 🙂 </p>



<p class="has-black-color has-text-color has-link-color wp-elements-f78e09edf448a228ee2af52b7911832a" style="font-size:17px">Plats: Hunflen, Äppelbo. <br>Träffen kommer hållas på berget Hunflen.<br>Platsen är på ca 500möh. (meter över havet) &amp; okej bilväg upp. <br>Det är grusväg &amp; den var ny hyvlad i början, ca 3km när jag var upp den 17-maj, men blev bättre efter ca 3km.<br>Bra sikt i många riktningar, se bilder.</p>



<figure class="wp-block-image size-full is-resized"><a href="http://mgradio.se/69/wordpress/wp-content/uploads/2025/05/20250517_1.jpg"><img loading="lazy" decoding="async" width="1920" height="887" src="http://mgradio.se/69/wordpress/wp-content/uploads/2025/05/20250517_1.jpg" alt="" class="wp-image-1929" style="width:380px"/></a></figure>



<figure class="wp-block-image size-full is-resized"><a href="http://mgradio.se/69/wordpress/wp-content/uploads/2025/05/20250517_2.jpg"><img loading="lazy" decoding="async" width="1920" height="887" src="http://mgradio.se/69/wordpress/wp-content/uploads/2025/05/20250517_2.jpg" alt="" class="wp-image-1930" style="width:380px"/></a><figcaption class="wp-element-caption">Klicka på bilder för större!</figcaption></figure>



<p class="has-black-color has-text-color has-link-color wp-elements-84c0f9a8d0dff08ebc6402447b4a084d" style="font-size:17px"><br><strong>Vägbeskrivning: </strong><br>Vid Äppelbo Värdshus. Strax före eller efter, beroende vilket håll du kommer ifrån.<br>Från E16, sväng av vid skylt Hunflen. Åk över järnväg &amp; följ vägen i ca 5km, Sväng sedan vänster vid skylt vindsnurror (eller liknade, minns inte vad det står) Följ denna väg till den tar slut (ca 3km), sväng inte av till nån vindsnurra. <br><br><a href="https://maps.app.goo.gl/w6BbMdUrrHPbhtDg9?g_st=afm" target="_blank" rel="noreferrer noopener">Klicka här för google karta.</a><br></p>



<p>Uppdateringar:</p>



<p class="has-background" style="background-color:#a5ecd1"><strong>17-maj:</strong> Utsiktsbilder från platsen.</p>



<p class="has-background" style="background-color:#a5ecd1"><strong>17-maj: </strong>Vägbeskrivning tillagd.</p>



<hr class="wp-block-separator has-alpha-channel-opacity"/>



<p class="has-black-color has-text-color has-link-color wp-elements-8c264c3e505e0384ede92969c3e019a0" style="font-size:17px">Tidigare träffar, 2023 var vi i Leksand &amp; 2024 Bjursås, Falun<br><strong>Kolla fliken övrigt för info &amp; bilder från tidigare träffar.</strong></p>



<p></p>

<p>Då var årets träff över, kul att så många dök upp trots dåligt väder. Hej radioter i &amp; kring Dalarna.7-Juni 2025 kl 11:00 blir det radioträff i Äppelbo. Det blir den 3-dje träffen som 27 &amp; 69MHz gruppen i Dalarna anordnar. Det blir inget avancerat, vi träffas och umgås &amp; kanske grillar nån korv eller [&hellip;]</p>
