{"id":1570,"date":"2023-12-19T13:36:48","date_gmt":"2023-12-19T12:36:48","guid":{"rendered":"http:\/\/mgradio.se\/69\/wordpress\/?page_id=1570"},"modified":"2025-02-27T17:34:29","modified_gmt":"2025-02-27T16:34:29","slug":"radiotraff-2024","status":"publish","type":"page","link":"http:\/\/mgradio.se\/69\/wordpress\/radiotraff-2024\/","title":{"rendered":"Radiotr\u00e4ff 2024"},"content":{"rendered":"\n<figure class=\"wp-block-image size-full is-resized\"><img loading=\"lazy\" decoding=\"async\" width=\"564\" height=\"564\" src=\"http:\/\/mgradio.se\/69\/wordpress\/wp-content\/uploads\/2024\/01\/radio-mote-24.jpg\" alt=\"\" class=\"wp-image-1611\" style=\"width:232px;height:auto\"\/><\/figure>\n\n\n\n<p class=\"has-black-color has-text-color has-link-color wp-elements-6be80064c5bfeca001411ecdce6fef61\" style=\"font-size:22px\">D\u00e5 var \u00e5rets tr\u00e4ff \u00f6ver, men redan nu finns planer f\u00f6r var 2025 \u00e5rs tr\u00e4ff ska \u00e4ga rum.  Men det h\u00e5ller vi p\u00e5 till n\u00e4sta \u00e5r. Ni som var p\u00e5 tr\u00e4ffen i \u00e5r, ni vet \ud83d\ude42<\/p>\n\n\n\n<p class=\"has-black-color has-text-color has-link-color wp-elements-df31de09f4a3a75a2ab117893cdcb931\">Hej radioter i &amp; kring Dalarna.<br><strong>8-Juni 2024 kl 11:00 blir det radiotr\u00e4ff p\u00e5 D\u00f6ssberget i Bjurs\u00e5s.<\/strong><br><br>Det blir inget avanserat, vi tr\u00e4ffas och umg\u00e5s &amp; kanske grillar n\u00e5n korv eller fikar.<br>Trevligt att tr\u00e4ffa andra med samma intresse som en sj\u00e4lv &amp; kanske n\u00e5n man snackat med p\u00e5 radion.<br>Det \u00e4r fr\u00e4mst t\u00e4nkt f\u00f6r 27 &amp; 69MHz folk i eller kring Dalarna, men alla \u00e4r givetvis v\u00e4lkomna.<br>Medtag eget \u00e4ta\/dryck &amp; ett gott hum\u00f6r.<\/p>\n\n\n\n<p class=\"has-black-color has-text-color has-link-color wp-elements-ba836b234b29ac76c5df60393f7f2b14\">Plats: Bjurs\u00e5s (ca 2mil fr\u00e5n Falun mot R\u00e4ttvik) <br>Platsen \u00e4r bel\u00e4gen ovanf\u00f6r D\u00f6ssbergets restaurang, d\u00e4r finns en fin plats som \u00e4r 333m\u00f6h <br>(meter \u00f6ver havet) &amp; det \u00e4r bra bilv\u00e4g upp, fri sikt i m\u00e5nga riktningar.<br>(v\u00e4gbeskrivning, l\u00e4ngre ner!) <br><\/p>\n\n\n\n<figure class=\"wp-block-image size-full is-resized\"><a href=\"http:\/\/mgradio.se\/69\/wordpress\/radiotraff-2024\/243165790_10158552422467475_7934069011369343838_n\/\"><img loading=\"lazy\" decoding=\"async\" width=\"1352\" height=\"640\" src=\"http:\/\/mgradio.se\/69\/wordpress\/wp-content\/uploads\/2024\/03\/243165790_10158552422467475_7934069011369343838_n.jpg\" alt=\"\" class=\"wp-image-1646\" style=\"width:397px;height:auto\"\/><\/a><\/figure>\n\n\n\n<p class=\"has-black-color has-text-color has-link-color wp-elements-7da85d0f9dcfad5864ef378ed2ddff65\">Klicka p\u00e5 bilden f\u00f6r st\u00f6rre + info.<\/p>\n\n\n\n<p class=\"has-black-color has-text-color has-link-color wp-elements-6edc43778f5b8d36db4696b5778f5bc8\" id=\"Vag\"><strong>V\u00e4gbeskrivning<\/strong>!  <br>Man \u00e5ker f\u00f6rbi resturenaten, f\u00f6rbi h\u00e4sthage, efter h\u00e4sthage ta upp till v\u00e4nster och till v\u00e4gens slut. <br><a href=\"https:\/\/www.google.com\/maps\/place\/60%C2%B044'59.3%22N+15%C2%B027'02.7%22E\/@60.7428051,15.4512492,2569m\/data=!3m1!1e3!4m4!3m3!8m2!3d60.7498056!4d15.45075?entry=ttu\" target=\"_blank\" rel=\"noreferrer noopener\">Klicka h\u00e4r f\u00f6r karta<\/a><\/p>\n\n\n\n<p class=\"has-black-color has-cyan-bluish-gray-background-color has-text-color has-background has-link-color wp-elements-600253afabb961c12f3483427ea606cc\"><strong>2-Juni:<\/strong> Vi kommer passa kanal 8 p\u00e5 69MHz p\u00e5 v\u00e4gen dit. Oklart om n\u00e5gon kommer passa 27MHz.<\/p>\n\n\n\n<hr class=\"wp-block-separator has-alpha-channel-opacity\"\/>\n\n\n\n<p class=\"has-black-color has-text-color has-link-color wp-elements-27ef6c417f3b95d54dae74d881fc86de\">F\u00f6rra \u00e5ret var tr\u00e4ffen i Leksand, p\u00e5 berget \u00c5sleden. Se l\u00e4nk nedanl<br><a href=\"http:\/\/mgradio.se\/69\/wordpress\/radiotraff-2023\/\"><strong>H\u00e4r finns info &amp; bilder fr\u00e5n 2023\u00e5rs tr\u00e4ff.<\/strong><\/a><\/p>\n","protected":false},"excerpt":{"rendered":"<p>D\u00e5 var \u00e5rets tr\u00e4ff \u00f6ver, men redan nu finns planer f\u00f6r var 2025 \u00e5rs tr\u00e4ff ska \u00e4ga rum. Men det h\u00e5ller vi p\u00e5 till n\u00e4sta \u00e5r. Ni som var p\u00e5 tr\u00e4ffen i \u00e5r, ni vet \ud83d\ude42 Hej radioter i &amp; kring Dalarna.8-Juni 2024 kl 11:00 blir det radiotr\u00e4ff p\u00e5 D\u00f6ssberget i Bjurs\u00e5s. Det blir inget [&hellip;]<\/p>\n","protected":false},"author":1,"featured_media":0,"parent":0,"menu_order":0,"comment_status":"closed","ping_status":"closed","template":"","meta":{"footnotes":""},"class_list":["post-1570","page","type-page","status-publish","hentry"],"_links":{"self":[{"href":"http:\/\/mgradio.se\/69\/wordpress\/wp-json\/wp\/v2\/pages\/1570","targetHints":{"allow":["GET"]}}],"collection":[{"href":"http:\/\/mgradio.se\/69\/wordpress\/wp-json\/wp\/v2\/pages"}],"about":[{"href":"http:\/\/mgradio.se\/69\/wordpress\/wp-json\/wp\/v2\/types\/page"}],"author":[{"embeddable":true,"href":"http:\/\/mgradio.se\/69\/wordpress\/wp-json\/wp\/v2\/users\/1"}],"replies":[{"embeddable":true,"href":"http:\/\/mgradio.se\/69\/wordpress\/wp-json\/wp\/v2\/comments?post=1570"}],"version-history":[{"count":46,"href":"http:\/\/mgradio.se\/69\/wordpress\/wp-json\/wp\/v2\/pages\/1570\/revisions"}],"predecessor-version":[{"id":1877,"href":"http:\/\/mgradio.se\/69\/wordpress\/wp-json\/wp\/v2\/pages\/1570\/revisions\/1877"}],"wp:attachment":[{"href":"http:\/\/mgradio.se\/69\/wordpress\/wp-json\/wp\/v2\/media?parent=1570"}],"curies":[{"name":"wp","href":"https:\/\/api.w.org\/{rel}","templated":true}]}}